at is the remainder when v is divided by f?
12
Let l = 6 - -46. What is the remainder when l is divided by 16?
4
Let t(z) = 2*z**2. Let y(x) = x**3 + x**2 - 3*x - 3. Let v be y(-2). Calculate the remainder when t(v) is divided by 1.
0
Suppose -26 = -c + b + 2*b, 5*b - 5 = 0. Suppose 35 = q - c. What is the remainder when q is divided by 22?
20
Let i(o) = o**2 + 4*o + 4. Let c be i(-6). Suppose 0 = -0*b - b + c. What is the remainder when 30 is divided by b?
14
Suppose 340 = 4*w + 3*i, -2*w + 2*i = -3*i - 144. Suppose -5*d + 3 + w = 0. Let s = 48 - 16. What is the remainder when s is divided by d?
15
Let c(b) = -2*b**2 + 3*b - 3. Let f be c(2). Let x be (-2)/5 + (-12)/f. Let k = x + 8. Calculate the remainder when k is divided by 4.
2
Suppose -153 = -4*g - 53. Calculate the remainder when 74 is divided by g.
24
Suppose 1 + 8 = h. What is the remainder when 16 is divided by h?
7
Let k(i) = i**3 - 14*i**2 + 28*i - 11. Calculate the remainder when k(12) is divided by 22.
15
Let f(k) = -k - 1. Let o be f(-9). Suppose a + 0*a - o = 0. Calculate the remainder when 12 is divided by a.
4
Let p be (1 + -16)*(-4)/10. Suppose -l - 465 = -p*l. Suppose -4*u = 5*g - l, -4*u - 15 = u. What is the remainder when g is divided by 11?
10
Suppose -3*k + 45 = 2*k. What is the remainder when 133 is divided by k?
7
Let k(y) = y**2 - 8*y - 7. Let i be k(9). Suppose 21 = 5*p - p + g, -p - i*g = -7. Suppose -x = -19 - p. Calculate the remainder when x is divided by 13.
11
Let h(v) = 17*v**3 - v**2 + 2*v - 1. Let o be h(1). Let q = -2 + o. What is the remainder when q is divided by (2 - (-48)/8)/((-4)/(-2))?
3
Suppose 2*b + 1 + 1 = 0. Calculate the remainder when 25 is divided by b/2 - (-15)/2.
4
Suppose 0*w - 4 = -2*f - 5*w, -5*f - 4*w - 24 = 0. Let x = 16 - 10. Calculate the remainder when x is divided by (2/(-4))/(1/f).
2
Let r = 186 + -148. Calculate the remainder when r is divided by 10.
8
Let o = -227 - -359. What is the remainder when o is divided by 9?
6
Let f = 166 - 110. Suppose 0 = 2*n - 21 - 7. Suppose -5*c = -f - n. What is the remainder when 25 is divided by c?
11
Suppose 3*i = 3*d - 0*d - 48, 53 = -5*i - 4*d. Let l = 11 - i. Calculate the remainder when l is divided by (-3)/6*2 - -14.
11
Suppose 0 = -c + 13 + 6. Let k = c + -4. Let b = -12 - -56. Calculate the remainder when b is divided by k.
14
Let q(t) = t**2 - t - 4. Let p be q(3). Suppose 0 = m - 2*c - 23, 0 = 2*m - p*c + c - 40. Calculate the remainder when m is divided by 5.
4
What is the remainder when 1 - (-5)/(-2) - 11160/(-80) is divided by 28?
26
Suppose -27 = 3*g - 4*g. Let s(h) = 3*h - 1. What is the remainder when g is divided by s(5)?
13
Let q(y) = 5*y - 2. Let o be 30/9*(-3)/(-2). Suppose o = 2*g - 1. Calculate the remainder when q(g) is divided by 5.
3
Let t = -10 - -24. Let n(g) be the second derivative of -g**4/12 - g**3 - 3*g**2/2 + g. Calculate the remainder when t is divided by n(-4).
4
Let a(n) = 2*n**3 - 4*n**2 + 3*n. Calculate the remainder when 1/(-5) + 168/15 is divided by a(2).
5
Let l(u) = -u**2 - 12*u + 12. Let b be l(-12). Suppose -4*n + 0 + 16 = 0. Calculate the remainder when b/(((-6)/1)/(-3)) is divided by n.
2
Let s = -297 + 419. Suppose -o - 2*c = -0*c - 110, -2*c - s = -o. Suppose -3*w = -o + 38. Calculate the remainder when w is divided by 14.
12
Let q(z) = 6*z**3 - 2*z**2 + 4*z - 3. Let n(y) = -y**2 - 6*y + 2. Let m be n(-6). What is the remainder when q(m) is divided by 16?
13
Let m = -15 + 33. What is the remainder when 33 is divided by m?
15
Suppose 29 = 4*v - 3*w, -3*v - 2*w + 11 = 2. Let n = 35 + -22. Calculate the remainder when n is divided by v.
3
Suppose 0 = 2*q + 2*q - 252. What is the remainder when q is divided by 22?
19
Suppose -f = 3 - 9. Calculate the remainder when (0 + 1)/(2/32) is divided by f.
4
Let t be ((-2)/(-3))/(1/6). Calculate the remainder when (-522)/(-14) + t/(-14) is divided by (-17 + -2)*(4 - 5).
18
Suppose -4*h - 5*t + 31 = 0, -h + 3*t = -4*h + 24. Let b = -6 + 4. Calculate the remainder when (3/b)/(5/(-50)) is divided by h.
6
Suppose 2*z + 5*f = -6, 2*z = -2*f - 5 - 1. Let y = 33 - 11. Calculate the remainder when y is divided by ((-2)/(-4))/(z/(-72)).
10
Let h(w) = 4*w - 2*w - 5 - w - 9*w. What is the remainder when h(-5) is divided by 9?
8
Suppose 675 = -10*g + 15*g. What is the remainder when g is divided by 34?
33
Suppose -v - 3*r = -17 - 12, 0 = 2*r - 8. Let y(n) = 2*n**2 + 5*n + 3. Calculate the remainder when v is divided by y(-3).
5
Let w be 2*9 + (-12)/4. Let x = w - 7. Let m = 32 - 10. Calculate the remainder when m is divided by x.
6
What is the remainder when 110*3*(4 - (-46)/(-12)) is divided by 21?
13
Let t(x) = 62*x**2. What is the remainder when t(1) is divided by 1/2 + (-31)/(-2)?
14
Let i = -6 + 22. Suppose 3*l - 34 = -g, -l + i = l + 2*g. What is the remainder when 36 is divided by l?
10
What is the remainder when 9/12 + (-785)/(-20) is divided by 21?
19
Let x be 2/8 + (-81)/4. Calculate the remainder when 15/x - 142/(-8) is divided by 10.
7
Let p = 31 + -4. Calculate the remainder when p is divided by 16.
11
Suppose 0 = 3*v + 4 - 16. Suppose -5*o = -4*o. Suppose v*d + 46 = 2*q, -4*q - 3*d + 5*d + 80 = o. Calculate the remainder when q is divided by 5.
4
Let c(w) = w**3 - 16*w**2 - 15*w - 8. What is the remainder when c(17) is divided by 9?
8
Let h(d) = -4*d - 7. What is the remainder when h(-5) is divided by 3?
1
Let k = 5 + 17. Let y = -6 + 18. Calculate the remainder when k is divided by y.
10
Suppose -2 - 4 = -3*k. What is the remainder when 7 is divided by k?
1
Let y = 135 - 101. Calculate the remainder when 64 is divided by y.
30
Let p = -4 + 6. Suppose 4*f + 6 = 2*v, 0 = -2*v - p*v + 5*f + 6. Calculate the remainder when 21 is divided by (v + (-2)/(-3))*-33.
10
Let k(b) = -3*b**2 + b - 4*b**2 + 4*b**2 + 6*b**2. Let j be k(-1). Suppose q - j = -0. What is the remainder when 4 is divided by q?
0
Let i = 25 + -22. Suppose 5*a + 0*r = i*r + 24, 5*r = -15. What is the remainder when 6 is divided by a?
0
Let y(b) = b**2 + b + 34. Calculate the remainder when y(0) is divided by 18.
16
Let i(l) = -l**3 + 12*l**2 - 6*l - 4. Calculate the remainder when i(11) is divided by 26.
25
Suppose -y + 3*d + 1 = -4, -4 = 4*d. Calculate the remainder when 13 is divided by 60/8 - y/4.
6
Let k(g) = g**3 + 2*g**2 - 8*g - 4. Let i(y) = -y**3 - 2*y**2 - 2. Calculate the remainder when k(-3) is divided by i(-3).
4
Let a(g) = 2*g - 12. Let l = 8 - 0. Calculate the remainder when a(13) is divided by l.
6
Suppose 0 = -2*a - 4*n + 36, 4*n + 103 = 5*a + n. Suppose 4*x + a = 4*f, -2*f - 2*x - 4 + 2 = 0. Calculate the remainder when f is divided by 1.
0
Let r(v) = -19*v. What is the remainder when 94 is divided by r(-1)?
18
Let p(q) be the first derivative of -q**2 - 3*q - 1. Let i be p(-2). What is the remainder when 46 is divided by (-6)/(-12)*32/i?
14
Suppose 3*z = -z - 3*u - 1, -5*u = -4*z - 41. What is the remainder when 40 is divided by (-1)/z*-2*-22?
7
Suppose -5*z - 95 = -5*g, -4*g + 0*g = 5*z - 76. Let a(n) = -n**3 + 5*n**2 + 7*n. What is the remainder when a(5) is divided by g?
16
Suppose -l - 3 + 6 = 0. Suppose l*t + q = 149, t + 3*q - 89 = -26. What is the remainder when t is divided by 17?
14
Suppose 10 + 10 = -5*u, 5*u = 2*w - 20. Suppose -2*l = -w*l - 94. What is the remainder when l is divided by 16?
15
Let p(d) = d**2 - 4*d - 3. Calculate the remainder when (-591)/(-7) - 3/7 is divided by p(-4).
26
Suppose -c - 2*c = 0. Let i be (-4 - -5)*(1 + c). Calculate the remainder when 36 is divided by 114/9 + i/3.
10
Let m = -15 + 27. Suppose -3*u - 16 = -2*b + 13, 5*u + 25 = 0. Calculate the remainder when m is divided by b.
5
Suppose 3*n - 718 = -5*i, 4*i + 3*n - 303 = 272. What is the remainder when i is divided by 24?
23
Let m = -173 - -251. Let u = 151 - m. Suppose -q + 1 + 1 = 0, 3*z = 4*q + u. Calculate the remainder when z is divided by 14.
13
Suppose 68 = 3*u - 2*v, -u - 84 = -5*u - 4*v. Calculate the remainder when u is divided by 13.
9
What is the remainder when (-23)/115 + (-71)/(-5) is divided by 10?
4
Suppose 0 = 9*z - 3*z - 84. Calculate the remainder when 25 is divided by z.
11
Let g = -7 - -13. Suppose -l = -5 - g. What is the remainder when 31 is divided by l?
9
Let w = -33 + 64. Calculate the remainder when w is